{"id":78,"date":"2023-03-30T10:37:06","date_gmt":"2023-03-30T13:37:06","guid":{"rendered":"https:\/\/museo.vallenar.cl\/?page_id=78"},"modified":"2023-09-28T13:20:59","modified_gmt":"2023-09-28T17:20:59","slug":"nuestro-recinto","status":"publish","type":"page","link":"https:\/\/museo.vallenar.cl\/?page_id=78","title":{"rendered":"Nuestro recinto"},"content":{"rendered":"<p>[et_pb_section fb_built=\u00bb1&#8243; _builder_version=\u00bb4.21.0&#8243; _module_preset=\u00bbdefault\u00bb global_colors_info=\u00bb{}\u00bb][et_pb_row column_structure=\u00bb1_5,3_5,1_5&#8243; _builder_version=\u00bb4.21.0&#8243; _module_preset=\u00bbdefault\u00bb global_colors_info=\u00bb{}\u00bb][et_pb_column type=\u00bb1_5&#8243; _builder_version=\u00bb4.21.0&#8243; _module_preset=\u00bbdefault\u00bb global_colors_info=\u00bb{}\u00bb][\/et_pb_column][et_pb_column type=\u00bb3_5&#8243; _builder_version=\u00bb4.21.0&#8243; _module_preset=\u00bbdefault\u00bb global_colors_info=\u00bb{}\u00bb][et_pb_text _builder_version=\u00bb4.21.0&#8243; _module_preset=\u00bbdefault\u00bb hover_enabled=\u00bb0&#8243; global_colors_info=\u00bb{}\u00bb sticky_enabled=\u00bb0&#8243;]<\/p>\n<h2 style=\"text-align: justify;\"><strong>La ex escuela N\u00b04<\/strong><\/h2>\n<p><strong><img loading=\"lazy\" decoding=\"async\" src=\"https:\/\/museo.vallenar.cl\/wp-content\/uploads\/2023\/09\/WhatsApp-Image-2023-09-28-at-1.24.17-PM.jpeg\" width=\"960\" height=\"519\" alt=\"\" class=\"wp-image-296 aligncenter size-full\" srcset=\"https:\/\/museo.vallenar.cl\/wp-content\/uploads\/2023\/09\/WhatsApp-Image-2023-09-28-at-1.24.17-PM.jpeg 960w, https:\/\/museo.vallenar.cl\/wp-content\/uploads\/2023\/09\/WhatsApp-Image-2023-09-28-at-1.24.17-PM-480x260.jpeg 480w\" sizes=\"auto, (min-width: 0px) and (max-width: 480px) 480px, (min-width: 481px) 960px, 100vw\" \/><\/strong><\/p>\n<p style=\"text-align: justify;\">Desde el a\u00f1o 2012 que en este edificio de calle Prat N\u00b0 1542 ubicado entre las calles Maule y \u00d1uble, viene funcionando el Museo del Huasco, llamado desde el 2020, \u201cMuseo Alfonso Sanguinetti Mulet\u201d.<\/p>\n<p style=\"text-align: justify;\">Este edificio data de 1929, levantado durante el periodo de reconstrucci\u00f3n de Vallenar despu\u00e9s del terremoto del 10 de noviembre de 1922. Fue construido para la entonces ex escuela N\u00b04 de ni\u00f1as de nuestra ciudad.<\/p>\n<p style=\"text-align: justify;\">Despu\u00e9s fue local transitorio de los curos femeninos. Tambi\u00e9n funciono aqu\u00ed el internado que llam\u00f3 \u201cHogar Estudiantil\u201d.<\/p>\n<p style=\"text-align: justify;\">Luego sucesivamente fue el local de la escuela de Artes, Cristiana Bethel y de Deportes.<\/p>\n<p style=\"text-align: justify;\">Hasta el mes de junio de 2012, funciono en este recinto el Departamento de Educaci\u00f3n Extra Escolar, la orquesta Escolar Municipal, el Coro de Profesores de Vallenar y el taller artesanal \u201cHuellas del Valle\u201d y el artista en repujado de cobre Enzo P\u00e1ez Veas.<\/p>\n<p style=\"text-align: justify;\">Por su valor arquitect\u00f3nico y su historial, este edificio tiene amplia significaci\u00f3n patrimonial para Vallenar y es por ello que fue sometido a una restauraci\u00f3n mejorando sus dependencias y haciendo m\u00e1s atractiva la sala de exposiciones con objetos arqueol\u00f3gicos, hist\u00f3ricos y patrimoniales del Valle del Huasco.<\/p>\n<p style=\"text-align: justify;\">Se puso en marcha nuevamente en enero de 2020 con diferentes autoridades, amigos y familiares de don Alfonso Sanguinetti Mulet, donde en un acto publico aceptaron que este museo lleve el nombre de \u201cAlfonso Sanguinetti Mulet\u201d.<\/p>\n<p>&nbsp;<\/p>\n<p>&nbsp;<\/p>\n<p>&nbsp;<\/p>\n<h2 style=\"text-align: justify;\"><strong>Los Nombres del Museo<\/strong><\/h2>\n<p style=\"text-align: justify;\">Este Museo fue inaugurado el s\u00e1bado 28 de septiembre de 1968, bajo la direcci\u00f3n de don Alfonso Sanguinetti Mulet, quien puso a disposici\u00f3n todas sus piezas y objetos hist\u00f3ricos de su propiedad y cont\u00f3 con todo el apoyo del grupo cultural \u201cHoracio Canales Guzman\u201d integrado por las y los profesores vallenarinos y el alcalde Emilio Zalaquett Issa.<\/p>\n<p style=\"text-align: justify;\">El museo llev\u00f3 como primer nombre: \u201cMuseo Arqueol\u00f3gico de Vallenar\u201d, luego fue llamado \u201cEl museo Provincial del Huasco\u201d; despu\u00e9s pas\u00f3 a llamarse \u201cMuseo del Huasco\u201d y finalmente \u201cMuseo Alfonso Sanguinetti Mulet\u201d.<\/p>\n<p style=\"text-align: justify;\">A\u00f1os anteriores a 1968 Vallenar se transformaba y expand\u00eda como resultado de la potente explotaci\u00f3n del hierro.<\/p>\n<p style=\"text-align: justify;\">Fueron los entonces llamados regidores o ediles municipales tales como Sanguinetti, Luis Hormazabal, Luis Cortes Ovalle y otros nobles ciudadanos que mostraron coincidencias e intereses culturales y entend\u00edan que si bien la ciudad avanzaba con nuevos edificios y poblaciones, no pod\u00eda hablarse de un verdadero progreso educacional y art\u00edstico simultaneo, incluyendo principalmente un Museo, y as\u00ed nace la frase c\u00e9lebre de Sanguinetti Mulet:<\/p>\n<p style=\"text-align: justify;\">\u201cNo podemos llamar moderna una ciudad si no tiene museo\u201d<\/p>\n<p style=\"text-align: justify;\">Por un periodo este museo perteneci\u00f3 a la Direcci\u00f3n de Bibliotecas, Archivos y Museos y su domicilio fue calle Colchagua, esquina Prat y la persona encargada entre noviembre y diciembre de 1971 fue Ana Mar\u00eda Sciara Ffia.<\/p>\n<p>[\/et_pb_text][\/et_pb_column][et_pb_column type=\u00bb1_5&#8243; _builder_version=\u00bb4.21.0&#8243; _module_preset=\u00bbdefault\u00bb global_colors_info=\u00bb{}\u00bb][\/et_pb_column][\/et_pb_row][\/et_pb_section]<\/p>\n","protected":false},"excerpt":{"rendered":"<p>La ex escuela N\u00b04 Desde el a\u00f1o 2012 que en este edificio de calle Prat N\u00b0 1542 ubicado entre las calles Maule y \u00d1uble, viene funcionando el Museo del Huasco, llamado desde el 2020, \u201cMuseo Alfonso Sanguinetti Mulet\u201d. Este edificio data de 1929, levantado durante el periodo de reconstrucci\u00f3n de Vallenar despu\u00e9s del terremoto del [&hellip;]<\/p>\n","protected":false},"author":2,"featured_media":0,"parent":0,"menu_order":0,"comment_status":"closed","ping_status":"closed","template":"","meta":{"_et_pb_use_builder":"on","_et_pb_old_content":"","_et_gb_content_width":"","footnotes":""},"class_list":["post-78","page","type-page","status-publish","hentry"],"_links":{"self":[{"href":"https:\/\/museo.vallenar.cl\/index.php?rest_route=\/wp\/v2\/pages\/78","targetHints":{"allow":["GET"]}}],"collection":[{"href":"https:\/\/museo.vallenar.cl\/index.php?rest_route=\/wp\/v2\/pages"}],"about":[{"href":"https:\/\/museo.vallenar.cl\/index.php?rest_route=\/wp\/v2\/types\/page"}],"author":[{"embeddable":true,"href":"https:\/\/museo.vallenar.cl\/index.php?rest_route=\/wp\/v2\/users\/2"}],"replies":[{"embeddable":true,"href":"https:\/\/museo.vallenar.cl\/index.php?rest_route=%2Fwp%2Fv2%2Fcomments&post=78"}],"version-history":[{"count":4,"href":"https:\/\/museo.vallenar.cl\/index.php?rest_route=\/wp\/v2\/pages\/78\/revisions"}],"predecessor-version":[{"id":297,"href":"https:\/\/museo.vallenar.cl\/index.php?rest_route=\/wp\/v2\/pages\/78\/revisions\/297"}],"wp:attachment":[{"href":"https:\/\/museo.vallenar.cl\/index.php?rest_route=%2Fwp%2Fv2%2Fmedia&parent=78"}],"curies":[{"name":"wp","href":"https:\/\/api.w.org\/{rel}","templated":true}]}}